 -136 - -34) + (2 - -1).
-36
What is 10 + -16 + -43 + 8 + 4 + -12 - -2?
-47
28 + 15 + -42 - -1
2
Calculate -2 + (-13 - -9) + (-7 - -3) + 11.
1
Evaluate 8 + -352 + 366 + (-12 + 1 - -1).
12
Evaluate 36 + -15 + -20 + 29 + -12.
18
Evaluate ((0 - 17 - (3 - 5)) + 3 - 19) + -10.
-41
What is the value of -91 - -1 - (61 - (-151 + 240))?
-62
What is 18 - (0 + 3) - (13 - (10 + (-14 - -18)))?
16
Calculate -12 + 92 + -8 - (10 + -9 - -2).
69
-45 - (50 - 8 - 87)
0
What is the value of 5 + (-5 - -1 - 7) - (-7 - (-53 + 0))?
-52
Evaluate -45 - ((6 - 27 - -21) + -18).
-27
What is the value of -14 + ((-10 - (-6 + 5)) + 11 - -2)?
-10
What is the value of 0 + 4 + (79 - 2) + (13 - (21 - 23))?
96
Calculate (-11 - (8 - -5 - 12)) + (2 - 3) - 4.
-17
What is the value of (-15 - (-65 + 29 - -4)) + -73?
-56
Calculate -12 + (-5 - (13 - 4 - (13 + -8))) + 45.
24
Evaluate 73 + -3 + 11 + -12 + -1 + -7.
61
Calculate (7 - 6 - 4) + (-9 - -16 - -12).
16
Calculate -8 + 3 - (8 + (4 - -1 - 58)).
40
Calculate 100 - (-37 + 164 + -23).
-4
Evaluate -90 - (42 - (55 - -133)).
56
What is (-76 - (3 + -86)) + -57?
-50
-122 - (-20 - -49) - -90
-61
Calculate (22 - -1 - -8) + (-2 - (7 - 1)).
23
(-19 - (8 - -80)) + (0 - -9 - (0 + 1))
-99
-7 + (-1 - (-2 + 1)) - (14 - 1 - 77)
57
Evaluate (-326 - -122) + 66 - -109.
-29
What is the value of 75 + -91 + (-10 - ((-2 - -7) + -11))?
-20
What is the value of -12 + (-50 - (-5 - 19))?
-38
What is the value of 13 - (0 + 3 + -12 + (-69 - -86)) - 31?
-26
What is the value of -66 + (-54 - (-179 - -23))?
36
What is the value of 2818 + -2816 + 1 + -41?
-38
28 + (25 - (48 + 15))
-10
(-3 - 74) + 33 + -13 + (3 - 0) + 4
-50
29 - 39 - (-123 + 78)
35
What is the value of 34 + 1 - 50 - (-82 + 3)?
64
Calculate 23 + -28 + 6 + -13 + (-31 - -30).
-13
What is -8 - (0 + -16 + 14) - (-73 - -3)?
64
What is the value of 60 + (6 - 5) + -245 + 223?
39
3 + -29 + 25 + (-20 - -1 - 6)
-26
-8 + 106 + -129 + -66
-97
Calculate -70 + 0 + (1 + (-6 - 8) + 13 - -4).
-66
Calculate 46 + -36 + 60 - (1 + -5 + 7 - 4).
71
-178 - -219 - (-6 - 0) - 7
40
-14 + -23 - 20 - -65
8
What is -18 + ((-39 - -17) + 6 - 30)?
-64
What is the value of 107 + -156 - -12 - 46?
-83
Evaluate 117 - ((-48 - 0) + (-3552 - -3622)).
95
Evaluate 3 + 2 - (71 - (1 + 57)).
-8
What is 114 + -95 + 0 + -46?
-27
What is 9 - ((-49 - 9) + 31)?
36
Calculate (15 - 131) + (23 - -3).
-90
Evaluate 77 + -41 + 45 + -38.
43
What is the value of 18 - -3 - (116 - 136)?
41
What is the value of (-4 + -9 - 58) + 17 - 2 - (12 - 1)?
-67
42 + ((4 - 8) + -11 - (-83 - -79))
31
Evaluate 1 + -3 - 9 - ((-51 - -179) + -98).
-41
Calculate 47 + (77 - 125) + -20.
-21
What is -9 + (73 - -27 - 69)?
22
What is the value of 116 + 161 - 283 - (-1 + 1 + 2 - 14)?
6
What is -1 + (16 - -4) - (98 + -130)?
51
What is the value of 14 + -4 + 11 - (109 - 16)?
-72
What is the value of 1 + -98 + (-34 - -23 - (-5 - 13))?
-90
Calculate 71 - (-20 - -87) - (36 - (0 - 0)).
-32
What is (3 - -9 - -2) + (50 - 46)?
18
What is 47 + -24 + -27 - (40 + 8 - (1 + -2))?
-53
Calculate (-56 - -2) + -2 - (48 + -58).
-46
Calculate -2 + 19 + 60 - 90.
-13
What is (9 - -1) + 7 + -1 + 55 + 0 + -5?
66
What is the value of 22 + -128 + -260 + 366?
0
What is the value of 0 + 21 + 2 + (27 - 14) + -22 + 18?
32
What is the value of -210 + 96 + -80 + 74?
-120
Evaluate (100 - (81 - -20)) + -12 + -1 - 68.
-82
Calculate -2 - ((5 - -11) + 2) - -28.
8
Calculate (23 + 51 - 71) + -25 + -4 + 0.
-26
Evaluate (59 + (9 - 32) - 22) + -21.
-7
-61 + (2 - -48 - 22)
-33
What is the value of (-2 - (7 - -6)) + (-6 - -32) + (1 - 71)?
-59
Evaluate 20 - (-15 - (19 + -38) - 3).
19
What is the value of 2 + 10 + -12 + 3 + (34 - 3 - -6)?
40
-12 + (-25 + 4 - (5 - 71))
33
Evaluate (4 - (54 + -34) - -14) + 39.
37
Calculate -8 + -55 + -1154 + 1273.
56
What is -29 - 40 - (-1 - (0 - 1) - (-5 + 4))?
-70
What is -14 - (-9 - (2 - -39) - (17 + (15 - 19)))?
49
Evaluate 5748 + -5681 - (-1 - -212).
-144
What is the value of 57 + (-52 - (-21 - (29 - 21)))?
34
Evaluate 38 + (-21 + 22 - 14).
25
Evaluate 0 + 13 + (-190 - (-428 - -272)).
-21
What is 2 + 131 + 5 - (462 + -493 + 44 + -1)?
126
What is the value of 72 - (29 + 173) - -46?
-84
-16 + -125 + 57 - -35
-49
Evaluate -156 + 1 + 1 + 89002 + -88953.
-105
Evaluate (1 - 18) + 1 + -155 + (6 - -94).
-71
Evaluate -10 + 2 + (244 + -99 - 90).
47
Calculate 10 + -1 + -86 + 68 + -33.
-42
(-16 - -24) + -49 - ((-27 - -13) + 5)
-32
What is 61 + (41 - 111) + -29?
-38
What is the value of -29 - (-62 + 170 - 31)?
-106
-27 - -38 - (11 + 2 + -5 + -80 - -1)
82
What is 29 + (2 - (26 - -23)) + -1 + -9?
-28
Evaluate 159 + -147 - (-7 - (46 - 2 - -2)).
65
What is the value of (6 - (15 - (22 - (-1 + 11)))) + 48?
51
16 + -7 + (4 - (4 - 81)) + 10 - 11
89
What is -86 + (-4 - -29) + 108?
47
Evaluate 1 + 2 + -4 + (0 - 19 - -95) + -7.
68
Evaluate -25 - -16 - -4 - (6 - (-13 + 3 - -14)).
-7
Evaluate 211 - 194 - (42 - (13 - 2)).
-14
Calculate 145 + (102 - -32) + -152.
127
What is the value of (5 - (-26 + 20 - (2 + -4))) + -31 - -1?
-21
Calculate (-18 + (1 - -7) - -10 - -15) + 22 + -15.
22
-41 + -8 + (-13 - -24)
-38
141 + -197 - (-14 + 2)
-44
What is (-28 - -37 - 48) + 1 + -12?
-50
What is the value of 114 + -107 - (-1 - 3 - -21 - 4)?
-6
What is the value of -68 + (165 - -150 - 156)?
91
Calculate 4019 + -3976 + (-2 - -43).
84
37 + (21 - (19 - -16) - -27)
50
(-11 - (7 - (0 - -3))) + (-18 - 5)
-38
Calculate -135 + (-79 - -8) + 128.
-78
What is -48 - 2 - (-4171 - -4143)?
-22
Calculate (7 - (5 + 13 + -8)) + -38 + 29.
-12
What is the value of -20 + (14 - (-7 + 10 + 3)) + 4 + -2?
-10
Evaluate ((-58 - -56) + (-4 - 1) - 1 - -5) + 10.
7
What is -2 - -3 - (34 + -18 + -15 + 3 + -17)?
14
What is 18 - (20 + 9 - (11 + -19 + 6))?
-13
What is the value of -1 - -11 - (-59 + (-8 - 20 - -41))?
56
What is 2 + (-1 - -6) - (-63 - -76 - 49)?
43
-32 - (-97 - 36) - 173
-72
What is the value of 32 + 126 + -45 + -126?
-13
-20 + 33 + -8 - (-22 - -6)
21
Evaluate 15 - 0 - (40 + (-55 - -75)).
-45
What is -75 + 96 + 20 + (42 - 11)?
72
-3 + -22 + 736 + -820 - -14
-95
Calculate 18 - -7 - 26 - (-3 - -4) - (1 - 15).
12
Evaluate -32 - (1 + -2) - (0 + 15 + 4 - 10).
-40
Evaluate -18 - (-20 + (16 - 49)) - -9 - -5.
49
Evaluate -1 + 47 + -116 + -20.
-90
-42 - -6 - (5 - (2 - (16 + -27)))
-28
What is (136 - 128) + (9 - 64)?
-47
167 - 154 - (104 + (3 - (-7 - -2)) - 8)
-91
What is 0 + -129 - (-1244 - -1131)?
-16
What is the value of (-37 - -36) + -4 + 28?
23
What is -21 + (-1 - -73) - 10 - 22?
19
What is the value of -89 - (15 + -15 + (-3 - 2 - -11) + 2)?
-97
Calculate (-10 - (35 + 2 + -17 + 16)) + 3 + 3.
-40
-2 - -17 - (-1 + 7 + -11) - 5
15
Evaluate -33 + 9 - (-11 + 11 + -5 - -15).
-34
21 + -31 + 11 + 8 - (87 + -1)
-77
(-47 - (39 - 40)) + 56
10
Evaluate -4 + -3 + (-32 - (16 + -21)).
-34
Calculate -85 - -73 - (22 + -15).
-19
What is (37 + (-34 - 0) - 3) + 1 + -20?
-19
What is (-4 - (-5 - 16)) + 35 + 31 - (2 + 9)?
72
-3 + 4 + (7 - -9 - (-4 - -13))
8
What is the value of -12 + -2 + -64 + 98 + -7?
13
(-3 - 152) + (5 + 81 - 50)
-119
Calculate -2 + -33 + -4 + (-48 - -24 - -20).
-43
Evaluate (-39 + -31 - -4) + -9 + 14.
-61
Calculate 15 - (-20 - -108 - 36).
-37
4 - 5 - -11 - (-22 + -18 + 52) - -129
127
Calculate 56 + -32 + (27 - 4) + -15.
32
What is the value of -7 + (10 - (2 + (27 - -4) + 9))?
-39
Calculate 1 + 0 - (-9 - 2) - (-52 - (122 + -171)).
15
Calculate ((-16 - -27) + -20 - (-6 + 6)) + (-9 - 1).
-19
What is the value of -12 + ((75 - 25 - 28) + -28 - (-1 + -36))?
19
Calculate -25 + -3 + 30 + -33 - -30.
-1
-136 - 1 - (-2065 + 1981)
-53
What is the value of 11 + -1 + -12 + 11 + (-7 - 88 - -23)?
-63
(-117 - (-392 - -124)) + -283
-132
What is (-5 - -2) + 6 + -2 - (-47 - (24 - 19))?
53
Evaluate -27 - ((126 - 30) + -62).
-61
-32 + 18 + (6 - 3) + (34 - -2)
25
Calculate (4 - (-22 + -21 + 38)) + -60 + 2.
-49
What is the value of 42 + (20 - -6 - 52)?
16
Evaluate -11 - (-3 + (-3 - -5 - -65) + 71 + -70).
-76
Calculate -4 + (37 - 17) + -4.
12
Evaluate -14 + 19 + -3 + -47 + 18.
-27
What is the value of 13 + -67 + (-201 - -241)?
-14
Evaluate -6 - (7 - (5 - 98)) - (148 - 128).
-126
Calculate (-11 - 10) + 1 - (2 - (-6 + -1)).
-29
(9 + -4 + -3 - (-22 + 15 - -8)) + 56
57
((0 + -2 - -1) + -99 - (1267 + -1262)) + 10
-95
What is -2 + -21 + -10 + (6 - 10) + 71 + -47?
-13
What is the value of 